and w?
16
Suppose -r - 3*t = -14, 2*r - r + 4*t - 17 = 0. Suppose 0*m - 4*m = -80. What is the greatest common divisor of r and m?
5
Suppose f = -4*f + 275. What is the greatest common divisor of 22 and f?
11
Suppose 3*l + 0*l + 20 = -2*o, 5*o = 5*l + 75. Let q = l + 12. Suppose -3 - 1 = -4*p. Calculate the greatest common factor of q and p.
1
Let l = 31 - 24. Calculate the highest common factor of l and 28.
7
Let p = 198 - 128. Suppose -3*x - 35 = 2*f, -86 + 21 = 4*x - f. Let u(b) = b**2 + 12*b - 17. Let z be u(x). Calculate the greatest common divisor of p and z.
14
Suppose -22 = -2*z + 26. Let v = 55 + -9. Suppose 62 = 3*g - v. Calculate the greatest common factor of g and z.
12
Suppose q = 5*p - 115, 2*p + 39 = -3*q + 102. Let l = 269 + -125. Calculate the highest common divisor of l and p.
24
Let c(v) = -v**2 - 6*v + 10. Let p be c(-6). Calculate the greatest common divisor of 40 and p.
10
Suppose 2*f + 20 = -2*f. Let m = -7 - f. Let v(q) = 4*q**2 + 2*q - 1. Let k be v(m). What is the highest common divisor of k and 55?
11
Let d be (-1)/3 + (0 - (-152)/24). What is the highest common factor of 21 and d?
3
Let p(b) = -4*b**2 + 5*b + 4. Let u(f) = 5*f**2 - 4*f - 3. Let g(n) = 3*p(n) + 4*u(n). Let s be g(-1). Calculate the greatest common factor of 72 and s.
9
Let a(b) = -b**2 + 11*b. Let k be a(9). Calculate the highest common factor of k and 162.
18
Suppose 0 = -3*v + 4 + 2. Suppose 0 = v*l - 2 - 0. What is the highest common factor of l and 9?
1
Let b(y) = 3*y**2 + 8*y - 7. Let g be b(5). Suppose -a + 53 = 4*o, -5*o + 55 = -2*a + a. What is the greatest common factor of o and g?
12
Let x = 165 + -151. What is the highest common divisor of 70 and x?
14
Let n = -67 + 96. Suppose 2*u = 3 + n. Calculate the greatest common divisor of u and 2.
2
Let g(m) = -2*m**3 - 5*m**2 - 7*m - 6. Let o be g(-5). What is the greatest common divisor of o and 14?
14
Let k be 2/(-6) + (-950)/(-15). Suppose 12 = 4*x - 16. Calculate the greatest common factor of k and x.
7
Suppose 5*k + l - 52 = 3*l, -4*k + 52 = l. Let q = -36 - -212. Let s = q - 44. Calculate the highest common divisor of k and s.
12
Suppose 5*k - 40 = k. Calculate the greatest common divisor of 5 and k.
5
Let v(y) = y**3 - 9*y**2 + 12*y + 2. Let d be v(9). Calculate the greatest common factor of d and 10.
10
Suppose -6*o + 2*o - 108 = 0. Let g = o + 53. Calculate the greatest common factor of g and 26.
26
Suppose 1 = k - 2. Suppose -5*w = -k*w - 36. What is the greatest common factor of 9 and w?
9
Let z(t) = -6*t**3. Let l be z(-2). Let o = l - 28. Let k = o - 10. Calculate the greatest common factor of 15 and k.
5
Let r = -56 - -96. Calculate the greatest common factor of 10 and r.
10
Suppose -b + 0*b - 9 = 0. Let h = -4 - b. Suppose -h*d - 3*v = -10, -2*d = -2*v + 5*v - 4. Calculate the highest common factor of d and 2.
2
Suppose -3*o - 4*a = -22, 3*a - 8 = 2*o - 0*a. Let m = 0 - -1. Calculate the highest common factor of o and m.
1
Suppose 25*n = 34*n - 81. Suppose 0 = 3*t, 0*y - 2*y + 6 = -5*t. What is the greatest common divisor of y and n?
3
Suppose 0*a = -a + 2. Suppose a*y - 3*y - u = -11, -5*u = -y - 13. Calculate the highest common divisor of y and 7.
7
Let j(u) = -u**2 + 12*u + 10. Let t be j(10). Let s = t + 20. What is the highest common factor of 10 and s?
10
Suppose 5*v = -3*v + 224. What is the highest common factor of 70 and v?
14
Let b = 7 - 5. Let p be (24/36)/(b/324). What is the greatest common divisor of p and 12?
12
Suppose o + 4*x = 44, -116 = -5*o - 3*x + 138. Suppose -2*r + 5*r + 5*s - 93 = 0, -3*r - 2*s = -84. What is the highest common divisor of o and r?
26
Let t(y) = -y**3 - 3*y**2 - 2*y + 2. Let p be t(-2). Let r be 0*(p + 15/(-6)). Let s = 13 - r. Calculate the highest common factor of 117 and s.
13
Let u(g) be the first derivative of -g**2/2 + g - 1. Let a be u(-6). Let x = -1 + a. What is the greatest common factor of 3 and x?
3
Let m be (-57)/6 + 1/2. Let x be ((-3)/m)/(2/78). Calculate the greatest common divisor of 91 and x.
13
Suppose -2*i = i - 78. Let a be (i/(-6))/((-11)/198). Calculate the greatest common divisor of a and 52.
26
Let g = -5 - -9. Suppose -g*r + 61 - 9 = 0. Suppose 5*w - 4*j = 211, 4*w + 3*j = 7*j + 172. Calculate the greatest common divisor of r and w.
13
Let b(l) = -l**3 - 7*l**2 + 4. Let r be b(-7). Let x = 5 + r. Suppose -4*f = -15 - x. What is the highest common divisor of 30 and f?
6
Suppose 6 = 4*l - 6. Suppose -q - 2*q = -l. Suppose 2 + 53 = 5*y. Calculate the highest common divisor of y and q.
1
Let f = 328 - 213. Let n = 39 + 7. Calculate the greatest common factor of f and n.
23
Let h(c) = 2*c - 2. Let q be h(3). Let o = 5 - q. Let a be (o*3)/((-3)/(-10)). What is the greatest common divisor of 30 and a?
10
Let y = -7 + 11. Let f be y/((1 + 2)/6). Calculate the highest common divisor of f and 56.
8
Let o(z) = -z**2 - z - 4. Let w be o(0). Let x = 20 - w. Calculate the greatest common divisor of 264 and x.
24
Suppose 0 = -h - 5*f + 19, -f = -2*h + 3*f - 4. What is the greatest common divisor of h and 36?
4
Let i = -86 - -143. Suppose i = 4*u - 11. Calculate the highest common factor of 34 and u.
17
Suppose -4*s - s = -15. Suppose 4*q + 114 = 2*n, -2*q - q = -s*n + 156. Let p = n + -31. What is the greatest common divisor of p and 144?
16
Suppose -690 = -3*a + 4*g, -2*a + 3*g - 6*g + 477 = 0. Let w(o) = -o + 19. Let u be w(-7). Calculate the greatest common factor of a and u.
26
Suppose q + 4*v = -3*q + 412, -5*v = -3*q + 277. Suppose 10*d - 5*d - 25 = 0. Suppose d*l - 27 = 2*l. Calculate the highest common divisor of l and q.
9
Let g be (-3)/((-12)/(-8)) - -20. What is the greatest common divisor of g and 198?
18
Let z be 4/18 + (-145)/45. Let r be -1*(-1 - 150) - z. What is the highest common divisor of r and 14?
14
Suppose -8*a = -12*a + 224. Calculate the highest common divisor of a and 84.
28
Suppose -4*r = -7*r - 18. Let a = r + 2. Let t = a + 12. What is the highest common divisor of 1 and t?
1
Suppose -58*o = -61*o + 54. Calculate the greatest common divisor of o and 27.
9
Suppose -d - 5*o = -29, -5 - 19 = -d - 4*o. Suppose 5*r = d*r + 7. Suppose m - 59 = -2*b, 30 + 63 = 2*m - b. What is the highest common divisor of m and r?
7
Suppose 3*h = 12 + 162. Let o = h + -34. Calculate the greatest common factor of 3 and o.
3
Let r be (-108)/(-5) - ((-90)/(-25))/6. Calculate the highest common divisor of 14 and r.
7
Suppose -h = 2*a - 25, 2*a = -0*a + 10. What is the highest common divisor of 105 and h?
15
Suppose -4*l + 22 = 2*v, -2*v - 28 = -l - 7*v. Suppose -h - l*o + 1 = -0, h - 21 = o. What is the greatest common divisor of 24 and h?
8
Let r be (-26)/(-4) + (-1)/2. Let h be ((-4)/3)/(r/(-9)). Suppose -a - h = -6. Calculate the highest common divisor of a and 32.
4
Suppose -2*f + 23 + 5 = 0. Calculate the highest common factor of 28 and f.
14
Suppose -4*p = 2*d - 74, -4*d + 107 = -3*p - 30. Let s = -25 - -39. What is the highest common divisor of d and s?
7
Let d = -49 - -73. Let h = -20 - -29. Let u be h/d*-2*-8. What is the greatest common factor of 3 and u?
3
Let q be 3 - (-5 + 2 - -2). Let h be (-3)/(-6) + (-10)/(-4). Suppose q*b = -17 - h, 0 = 5*f - b - 45. What is the greatest common divisor of 2 and f?
2
Let y = -16 + 29. Suppose 2*d - 1 = y. What is the highest common factor of d and 63?
7
Let z be (-3)/((-12)/16)*1/4. What is the greatest common factor of 9 and z?
1
Let j(s) = s**3 + 7*s**2 - 4*s - 6. Let y be j(5). Let x = y - -40. Suppose q + 5*w = 87, -2*q = -6*q - 3*w + x. What is the greatest common divisor of q and 7?
7
Let d(c) = 3*c**3 - c**2 + c - 3. Let n be d(2). What is the greatest common factor of 1 and n?
1
Let b be (2/18*3)/(1/48). What is the greatest common divisor of 4 and b?
4
Let a be ((-9)/6)/(2/(-4)). Let y be 3/(-9) - (-38)/6. Suppose -3*n = 4*f, y*f = a*f - 4*n - 7. What is the greatest common divisor of 9 and f?
3
Let x = 28 + -8. Suppose x = -8*o + 12*o. Calculate the greatest common factor of 5 and o.
5
Suppose -3*x + 428 = 4*z, x - 3*x - 5*z = -290. What is the greatest common factor of 60 and x?
20
Suppose -85 = -4*q - q. Let t be q - (-1 - 6/(-2)). Calculate the highest common factor of 10 and t.
5
Let r be -5 + 2 + -1 + 6. Calculate the greatest common divisor of 1 and r.
1
Suppo